ousands digit of 85360?
8
What is the thousands digit of 11325?
1
What is the hundreds digit of 27657?
6
What is the hundreds digit of 661?
6
What is the thousands digit of 1815?
1
What is the tens digit of 164?
6
What is the tens digit of 924?
2
What is the units digit of 237?
7
What is the thousands digit of 11558?
1
What is the units digit of 19544?
4
What is the tens digit of 40391?
9
What is the hundreds digit of 140?
1
What is the tens digit of 442?
4
What is the hundreds digit of 2266?
2
What is the thousands digit of 1039?
1
What is the thousands digit of 118149?
8
What is the tens digit of 873?
7
What is the hundreds digit of 2489?
4
What is the units digit of 4858?
8
What is the tens digit of 628?
2
What is the units digit of 42738?
8
What is the ten thousands digit of 25260?
2
What is the tens digit of 29842?
4
What is the tens digit of 797?
9
What is the tens digit of 6852?
5
What is the units digit of 46164?
4
What is the hundreds digit of 17807?
8
What is the units digit of 51171?
1
What is the ten thousands digit of 75319?
7
What is the tens digit of 645?
4
What is the tens digit of 10998?
9
What is the tens digit of 2653?
5
What is the units digit of 15743?
3
What is the tens digit of 932?
3
What is the thousands digit of 1659?
1
What is the hundreds digit of 37659?
6
What is the thousands digit of 5295?
5
What is the hundreds digit of 4236?
2
What is the hundreds digit of 61169?
1
What is the tens digit of 4672?
7
What is the hundreds digit of 6256?
2
What is the tens digit of 925?
2
What is the units digit of 9594?
4
What is the units digit of 350?
0
What is the hundreds digit of 2462?
4
What is the thousands digit of 3134?
3
What is the thousands digit of 3055?
3
What is the tens digit of 864?
6
What is the thousands digit of 43647?
3
What is the tens digit of 15610?
1
What is the tens digit of 17244?
4
What is the units digit of 667?
7
What is the tens digit of 117?
1
What is the units digit of 6642?
2
What is the thousands digit of 3027?
3
What is the thousands digit of 7695?
7
What is the thousands digit of 6123?
6
What is the tens digit of 1839?
3
What is the units digit of 5461?
1
What is the tens digit of 20352?
5
What is the units digit of 4465?
5
What is the units digit of 88321?
1
What is the thousands digit of 2843?
2
What is the units digit of 1365?
5
What is the tens digit of 10970?
7
What is the ten thousands digit of 61128?
6
What is the units digit of 8742?
2
What is the ten thousands digit of 153762?
5
What is the thousands digit of 2292?
2
What is the hundreds digit of 9166?
1
What is the thousands digit of 6907?
6
What is the thousands digit of 4038?
4
What is the hundreds digit of 21396?
3
What is the hundreds digit of 111446?
4
What is the thousands digit of 25358?
5
What is the units digit of 799?
9
What is the hundreds digit of 1390?
3
What is the tens digit of 1021?
2
What is the thousands digit of 15354?
5
What is the thousands digit of 16871?
6
What is the ten thousands digit of 65515?
6
What is the thousands digit of 41277?
1
What is the units digit of 2647?
7
What is the tens digit of 9586?
8
What is the tens digit of 7263?
6
What is the tens digit of 2888?
8
What is the hundreds digit of 977?
9
What is the hundreds digit of 1183?
1
What is the thousands digit of 4448?
4
What is the tens digit of 6268?
6
What is the hundreds digit of 3541?
5
What is the hundreds digit of 381?
3
What is the units digit of 8898?
8
What is the hundreds digit of 6595?
5
What is the ten thousands digit of 18632?
1
What is the units digit of 552?
2
What is the hundreds digit of 968?
9
What is the hundreds digit of 6608?
6
What is the units digit of 930?
0
What is the tens digit of 13481?
8
What is the tens digit of 4042?
4
What is the hundreds digit of 3272?
2
What is the hundreds digit of 19146?
1
What is the hundreds digit of 127426?
4
What is the hundreds digit of 5851?
8
What is the hundreds digit of 1061?
0
What is the tens digit of 2424?
2
What is the thousands digit of 2701?
2
What is the hundreds digit of 91976?
9
What is the thousands digit of 3909?
3
What is the hundreds digit of 7668?
6
What is the thousands digit of 7896?
7
What is the units digit of 3773?
3
What is the units digit of 19941?
1
What is the thousands digit of 18075?
8
What is the hundreds digit of 2867?
8
What is the hundreds digit of 2389?
3
What is the tens digit of 10902?
0
What is the hundreds digit of 14708?
7
What is the hundreds digit of 1461?
4
What is the hundreds digit of 31126?
1
What is the hundreds digit of 8593?
5
What is the tens digit of 116902?
0
What is the thousands digit of 14172?
4
What is the units digit of 5843?
3
What is the tens digit of 442?
4
What is the thousands digit of 2346?
2
What is the units digit of 254?
4
What is the thousands digit of 1567?
1
What is the units digit of 23812?
2
What is the hundreds digit of 342?
3
What is the tens digit of 471?
7
What is the units digit of 8553?
3
What is the hundreds digit of 78395?
3
What is the units digit of 23346?
6
What is the units digit of 2800?
0
What is the units digit of 18765?
5
What is the tens digit of 1082?
8
What is the hundreds digit of 2968?
9
What is the tens digit of 1200?
0
What is the units digit of 22303?
3
What is the tens digit of 9365?
6
What is the ten thousands digit of 12527?
1
What is the tens digit of 66286?
8
What is the units digit of 41461?
1
What is the units digit of 7193?
3
What is the tens digit of 1531?
3
What is the units digit of 597?
7
What is the tens digit of 2094?
9
What is the tens digit of 12271?
7
What is the thousands digit of 9507?
9
What is the units digit of 3530?
0
What is the units digit of 3509?
9
What is the thousands digit of 5785?
5
What is the ten thousands digit of 69599?
6
What is the units digit of 132741?
1
What is the units digit of 36406?
6
What is the thousands digit of 72357?
2
What is the hundreds digit of 835?
8
What is the units digit of 28993?
3
What is the hundreds digit of 3265?
2
What is the ten thousands digit of 151988?
5
What is the thousands digit of 3568?
3
What is the tens digit of 162532?
3
What is the tens digit of 95?
9
What is the thousands digit of 6238?
6
What is the hundred thousands digit of 180709?
1
What is the units digit of 526?
6
What is the thousands digit of 5519?
5
What is the hundreds digit of 1728?
7
What is the hundreds digit of 1990?
9
What is the tens digit of 9802?
0
What is the units digit of 9281?
1
What is the tens digit of 606?
0
What is the units digit of 2013?
3
What is the hundreds digit of 7799?
7
What is the units digit of 455?
5
What is the hundreds digit of 11194?
1
What is the tens digit of 11869?
6
What is the tens digit of 22640?
4
What is the hundreds digit of 1994?
9
What is the hundreds digit of 4740?
7
What is the tens digit of 1639?
3
What is the units digit of 17513?
3
What is the ten thousands digit of 20906?
2
What is the units digit of 1642?
2
What is the tens digit of 9702?
0
What is the hundreds digit of 343?
3
What is the units digit of 18882?
2
What is the units digit of 429?
9
What is the hundreds digit of 825?
8
What is the tens digit of 3364?
6
What is the hundreds digit of 2841?
8
What is the tens digit of 513?
1
What is the hundreds digit of 19416?
4
What is the hundreds digit of 841?
8
What is the units digit of 4187?
7
What is the hundreds digit of 1367?
3
What is the units digit of 8503?
3
What is the thousands digit of 87479?
7
What is the units digit of 16131?
1
What is the units digit of 514?
4
What is the units digit of 3039?
9
What is the hundreds digit of 1809?
8
What is the tens digit of 8712?
1
What is the units digit of 12951?
1
What is the hundred thousands digit of 105418?
1
What is the tens digit of 891?
9
What is the hundreds digit of 3174?
1
What is the hundreds digit of 4890?
8
What is the units digit of 14929?
9
What is the hundreds digit of 450?
4
What is the units digit of 8776?
6
What is the units digit of 53?
3
What is the units digit of 4920?
0
What is the ten thousands digit of 19592?
1
What is the hundreds digit of 1182?
1
What is the units digit of 2009?
9
What is the units digit of 49032?
2
What is the hundreds digit of 51729?
7
What is the tens digit of 2464?
6
What is the hundreds digit of 17363?
3
What is th